d be 14/(-21) + 5/3. Suppose 2*o + 2*y + 37 = -o, -2*y - 46 = 4*o. Calculate the remainder when d*3/(o/(-75)) is divided by 13.
12
Let g be 6/(1/(-2) + 0). Let f = -7 - g. What is the remainder when (-16)/10*(5 - 10) is divided by f?
3
Suppose -z - z = -50. Let g = 37 - z. Let v = -18 + 40. What is the remainder when v is divided by g?
10
Suppose 2*l + 4*t = 0, -2*t + 0 + 2 = 0. Let j = l - -10. Suppose 0*w = v + 3*w - 18, 2*v + 9 = 3*w. Calculate the remainder when j is divided by v.
2
Suppose 0 = -8*p + 6*p + 8. What is the remainder when 9 is divided by p?
1
Let p(n) = -n - 2. Suppose 3*u - 5*g = -29, 4*u - 7 = -5*g + 1. Let v be p(u). Suppose b - 5*r = 21, 2 - v = -r. What is the remainder when b is divided by 9?
7
Let s(d) = -4*d**2 - 5 - d**3 - 2*d**2 - 5 + 10*d. Calculate the remainder when s(-8) is divided by 13.
12
Suppose -5 = -0*r - 5*r + 5*y, 5*r = -y + 11. Suppose -b + 5*j - 23 = 0, -b + r*b = -3*j + 9. Let t = 12 + b. What is the remainder when t is divided by 5?
4
Let z = -201 + 121. Let s = z + 56. Let u = 35 + s. Calculate the remainder when u is divided by 3.
2
Let k = 41 - -40. Calculate the remainder when k is divided by 28.
25
Suppose 0 = -2*p + d + 13, p - 5*d - 17 = -p. Calculate the remainder when 17 is divided by p.
5
Suppose 7*t - 8 = 3*t. Suppose t*o + 4*z = 6*o, -z = 5*o - 24. Calculate the remainder when o is divided by 3.
1
Suppose 2*g + 165 = 5*g. Suppose -4*j + 42 + 34 = 0. What is the remainder when g is divided by j?
17
Suppose -4*w + 93 = -u - 150, -w + 4*u = -72. What is the remainder when w is divided by 16?
12
Let o(a) = -a**3 - a**2 + 5*a + 4. Let j be o(-3). Suppose -11 - j = -u. Suppose 5*q - u = 3*q. What is the remainder when 25 is divided by q?
7
Suppose -2*j - 3*j = 0. Suppose j = 3*d + 9, 0 = 4*s + d - 0*d - 21. What is the remainder when 17 is divided by s?
5
Suppose -69 = -2*j - 3*r, 4*j - 63 - 42 = 5*r. What is the remainder when j is divided by 11?
8
Suppose -2*t - t + 18 = 2*x, -5*t = 0. Let n = 11 - x. Calculate the remainder when 5 is divided by n.
1
Let s(m) = m - 11. Let l be s(15). Suppose 5*a - 195 = -u - l*u, -2*u = a - 38. What is the remainder when a is divided by 21?
19
Suppose 5*g = 27 - 2. Suppose -s - 16 = -g*s. What is the remainder when 4 is divided by s?
0
Let i = 74 - -2. Let n = -27 + i. Calculate the remainder when n is divided by 13.
10
Suppose -2*t + 14 = -52. Calculate the remainder when t is divided by 18.
15
Suppose -7*h + 4 = -3*h. What is the remainder when 11 - (2 + h) - 3 is divided by 4?
1
Let i = 54 - -7. What is the remainder when i is divided by 32?
29
Let t(w) = 2*w. Let a be t(1). Let d = 6 - 0. Calculate the remainder when (0 - -8*a) + 1 is divided by d.
5
Let y = 89 - 53. Let g(w) = w**2 - w + 1. What is the remainder when y is divided by g(4)?
10
Let a be (-6)/4*(32/12 - 4). Let n(d) be the second derivative of 14*d**3/3 + d**2/2 - d. What is the remainder when n(a) is divided by 15?
12
Suppose 5*f - 2*y - 523 = 0, 0 = -f - 2*y - 3*y + 83. Let t(g) = g**2 + g + 6. What is the remainder when f is divided by t(-5)?
25
Let v = -69 - -128. Let k(t) = t**2 + 2*t. Calculate the remainder when v is divided by k(-5).
14
Let d(g) = -2*g + 38. Suppose -5*i + 4*h = -28, h + 15 = 6*h. What is the remainder when d(13) is divided by i?
4
Let c = 20 - 3. Let y(g) be the third derivative of g**4/24 + 49*g**3/6 + 4*g**2. What is the remainder when y(0) is divided by c?
15
Let m be (-1 - -19)*2/(-3). Let g be (0 - -1)*(m - -5). Let l(b) = b**2 + 6*b + 9. What is the remainder when 62 is divided by l(g)?
14
Let g(x) = 13*x**2 - 4*x. What is the remainder when 306 is divided by g(2)?
42
Suppose 8 = -3*v + 44. Calculate the remainder when 112/5 - (-30)/(-75) is divided by v.
10
Let x be 3*2*2/3. Suppose p + x = 0, p - 21 = -4*m + 7. Calculate the remainder when m is divided by 3.
2
Suppose 3*a = 55 - 10. Let j = 5 + 3. Calculate the remainder when a is divided by j.
7
Let r(i) = 5*i - 21. Calculate the remainder when 34 is divided by r(6).
7
Let b(p) = -p**3 + p - 4. Calculate the remainder when 46 is divided by b(-3).
6
Suppose -5 - 10 = -5*t. Let n be (-2)/t*(-33)/2. Suppose 4 - 7 = -3*l, -2*g + 3*l = -n. Calculate the remainder when g is divided by 5.
2
Let s be ((-4)/((-8)/(-6)))/(-1). Suppose -52 = -s*t - 16. What is the remainder when ((-35)/(-2))/(2/4) is divided by t?
11
Let a(r) = r**3 - r**2 + 1. Let o(u) = -u**2. Let i(v) = -a(v) + 3*o(v). Suppose l - 4 = 4. What is the remainder when i(-4) is divided by l?
7
Let v(r) = 2*r**2 + r + 2. What is the remainder when 23 is divided by v(-2)?
7
Calculate the remainder when 157 is divided by (80/(-50))/(1/(-25)).
37
Suppose -5*i - 12*s = -11*s - 101, -i + 4*s + 16 = 0. What is the remainder when 35 is divided by i?
15
Suppose -24 = -3*p - 3*w, w - 74 + 18 = -5*p. What is the remainder when p is divided by 9?
3
Suppose 2*x + 8*p - 539 = 3*p, 861 = 3*x - 3*p. Calculate the remainder when x is divided by 19.
16
Suppose 2*r + 2*r = 16. Suppose -u - 2*u - 128 = -r*h, u = -2*h + 64. Calculate the remainder when h is divided by 17.
15
Let b(f) = -f**3 + 7*f**2 - 5*f - 5. Let d be b(5). Let n = 34 - d. What is the remainder when n is divided by (-1)/4 + (-63)/(-12)?
4
Suppose 3 = 3*w - 3. Let g(i) = i**3 + 5*i**2 - i + 1. Calculate the remainder when w/6 + (-1342)/(-33) is divided by g(-4).
20
Let m = 116 + -14. Calculate the remainder when m is divided by 35.
32
Let b = 19 - 3. Suppose 33 = 5*w + p, -2*w + 30 = 3*p + 9. Calculate the remainder when b is divided by w.
4
Let m(c) = 3*c**2 + 3*c - 3. Let o(i) = i**2 - 5*i - 2. Let k be o(-4). Let y = 63 - k. Calculate the remainder when y is divided by m(-3).
14
Let y = -18 - -63. Calculate the remainder when y is divided by 18.
9
Calculate the remainder when 107 is divided by 4 - 2 - 25/(-1).
26
Suppose 0 = -4*c - 7 + 23. Suppose -s = 2*v - 15, 0*v - c*s = v - 18. Calculate the remainder when v is divided by 3.
0
Suppose 0 = o - 6*o + 65. Calculate the remainder when o is divided by 4.
1
Let x(y) = -y**2 + 10*y - 8. Let d be x(8). What is the remainder when 8 is divided by d + 1*(-2)/1?
2
Let f be -4 + (0/(-1))/1. Let s(n) = -n**3 - 4*n**2 - 2*n + 2. Calculate the remainder when 27 is divided by s(f).
7
Let s(z) = -8*z - 16. Let b(a) = -4*a - 8. Let u(l) = -9*b(l) + 4*s(l). What is the remainder when u(6) is divided by 4/6 + 31/3?
10
Let i = 47 - 28. Calculate the remainder when 92 is divided by i.
16
Let x = -46 - -90. What is the remainder when x is divided by 23?
21
Let c(s) = -s**2 - 1. Let m be c(2). Let u = 8 + m. What is the remainder when 8 is divided by u?
2
Suppose -28 = -0*f + 2*f + 4*i, i + 25 = -5*f. What is the remainder when (-159)/(-6) - (-2)/f is divided by 9?
8
Let d be 7 - 6 - (-30)/(-1). Let a = -21 - d. What is the remainder when a is divided by 3?
2
Let p(b) = b + 14. Let j be 603/(-11) + (-12)/66. Let n = j - -96. Calculate the remainder when n is divided by p(0).
13
Let p(g) = -g**3 + 7*g**2 + 8*g + 3. Let d be ((0 - -3) + 2)*7. Suppose -5*k + d = -q, -3 = -4*q + 17. Calculate the remainder when 4 is divided by p(k).
1
Let r(w) = 4*w - 2. What is the remainder when r(8) is divided by 11?
8
Let l = -479 + 501. What is the remainder when (-389)/(-9) + 2/(-9) is divided by l?
21
What is the remainder when (-9)/3*(-90)/(2 - 0) is divided by 34?
33
Suppose 4*j - 22 = -i, 0 = -i - 0*i + 3*j + 15. Calculate the remainder when i is divided by 10.
8
Let s(g) = -g**2 + 7*g + 5. Let f(b) = -b**2 + 19*b - 4. Calculate the remainder when f(14) is divided by s(4).
15
Suppose -3*n + 2*n + 20 = 4*t, 2*n - 3*t = 7. Calculate the remainder when 45 is divided by n.
5
Calculate the remainder when 96*2 + (81/(-9) - -9) is divided by 50.
42
Let r(a) = -a**3 + 2*a**2 + 3*a - 3. Let c be r(3). What is the remainder when 2 is divided by 2 - (0 - (c - -2))?
0
Let g = 62 + -47. Suppose -4 = -2*k + 4. Suppose 0 = -4*v - 3*j + 20, 2*v - v - 24 = k*j. What is the remainder when g is divided by v?
7
Suppose 2*i - 12 = -2*f, 2*i + f + 6 = 5*f. Suppose -i*q + 54 + 48 = 0. What is the remainder when q is divided by 9?
7
Suppose -4*w + 6*w = 42. What is the remainder when 40 is divided by w?
19
Let l(i) = 2*i - 8. Let p be l(-6). Let r = -9 - p. What is the remainder when 32 is divided by 